 229, 349
What are the prime factors of 420256280?
2, 5, 10506407
What are the prime factors of 27389602?
2, 19, 720779
List the prime factors of 7667720590.
2, 5, 766772059
List the prime factors of 323604210.
2, 3, 5, 887, 12161
What are the prime factors of 94865889?
3, 31621963
List the prime factors of 123762215.
5, 193, 277, 463
What are the prime factors of 326976996?
2, 3, 101, 269783
What are the prime factors of 44773380?
2, 3, 5, 251, 991
What are the prime factors of 197477507?
19, 127, 81839
List the prime factors of 75904514.
2, 7, 5421751
List the prime factors of 901175998.
2, 127, 293, 12109
What are the prime factors of 154323059?
11, 17, 877, 941
What are the prime factors of 22029143?
263, 83761
What are the prime factors of 2724000224?
2, 11, 659, 11743
List the prime factors of 75832878.
2, 3, 11, 67, 1559
What are the prime factors of 134582951?
41, 3282511
List the prime factors of 791306086.
2, 395653043
List the prime factors of 15124460.
2, 5, 13, 58171
List the prime factors of 41318831.
41318831
List the prime factors of 207395829.
3, 1039, 7393
List the prime factors of 72520828.
2, 73, 101, 2459
List the prime factors of 6970212530.
2, 5, 697021253
List the prime factors of 29943471.
3, 37, 269761
List the prime factors of 15917183.
15917183
What are the prime factors of 26511844?
2, 593, 11177
What are the prime factors of 36606480?
2, 3, 5, 127, 1201
List the prime factors of 314425448.
2, 211, 186271
What are the prime factors of 1507782123?
3, 29, 31, 331, 563
List the prime factors of 848677298.
2, 7, 17, 3565871
List the prime factors of 7950828.
2, 3, 193, 3433
What are the prime factors of 227156857?
227, 1000691
List the prime factors of 20516772.
2, 3, 509, 3359
What are the prime factors of 903238732?
2, 11, 127, 161639
What are the prime factors of 2587186545?
3, 5, 167, 839, 1231
What are the prime factors of 767611011?
3, 2677, 95581
List the prime factors of 32457896.
2, 17, 41, 5821
What are the prime factors of 709514101?
8039, 88259
What are the prime factors of 312108139?
7, 44586877
List the prime factors of 1606728348.
2, 3, 431, 103553
List the prime factors of 625027466.
2, 7, 691, 64609
List the prime factors of 5848868571.
3, 7, 13, 41, 181, 2887
What are the prime factors of 171225871?
43, 1471, 2707
List the prime factors of 55019252.
2, 13754813
List the prime factors of 914502363.
3, 67, 4549763
List the prime factors of 1053756242.
2, 7, 11, 6842573
List the prime factors of 144165467.
29, 4971223
What are the prime factors of 45020464?
2, 107, 26297
List the prime factors of 53621658.
2, 3, 37, 80513
What are the prime factors of 7488470740?
2, 5, 67, 5588411
List the prime factors of 455573645.
5, 79, 89, 12959
What are the prime factors of 103242608?
2, 7, 131687
List the prime factors of 1082854867.
29, 71, 525913
List the prime factors of 23627391.
3, 7875797
List the prime factors of 5181299422.
2, 13, 199280747
What are the prime factors of 104167661?
13, 8012897
List the prime factors of 17573976.
2, 3, 7, 59, 197
List the prime factors of 70664527.
151, 467977
List the prime factors of 43789774.
2, 7, 3127841
What are the prime factors of 3166564492?
2, 7, 13, 669181
What are the prime factors of 1063014999?
3, 1823, 194371
What are the prime factors of 93271986?
2, 3, 575753
What are the prime factors of 59629277?
19, 3138383
List the prime factors of 508262722.
2, 11, 23102851
List the prime factors of 32884432.
2, 7, 89, 3299
What are the prime factors of 419837795?
5, 13, 1523, 4241
List the prime factors of 69595038.
2, 3, 429599
List the prime factors of 199135199.
29, 6866731
List the prime factors of 3369801515.
5, 67, 431, 23339
What are the prime factors of 118734995?
5, 2477, 9587
List the prime factors of 57534739.
191, 227, 1327
What are the prime factors of 330856980?
2, 3, 5, 911, 6053
What are the prime factors of 463996777?
19, 24420883
List the prime factors of 40823501.
40823501
What are the prime factors of 6919001452?
2, 11, 6199, 25367
What are the prime factors of 1393009652?
2, 73, 4770581
What are the prime factors of 3530398373?
47, 79, 797, 1193
List the prime factors of 4732290138.
2, 3, 19, 3299, 12583
List the prime factors of 72614429.
17, 251261
List the prime factors of 62734775.
5, 53, 113, 419
List the prime factors of 190282176.
2, 3, 7, 15731
List the prime factors of 34964134.
2, 17482067
List the prime factors of 184051.
7, 26293
What are the prime factors of 1861593978?
2, 3, 310265663
List the prime factors of 175150184.
2, 11, 17, 71, 97
What are the prime factors of 72519714?
2, 3, 389, 10357
What are the prime factors of 153444299?
153444299
List the prime factors of 248598337.
13, 19, 1006471
List the prime factors of 1192018885.
5, 11491, 20747
List the prime factors of 312929744.
2, 17, 79, 14563
What are the prime factors of 4827310610?
2, 5, 23, 20988307
What are the prime factors of 225699629?
41, 5504869
What are the prime factors of 1198518108?
2, 3, 99876509
What are the prime factors of 2646999189?
3, 337, 421, 691
What are the prime factors of 165503629?
73, 919, 2467
List the prime factors of 1453450708.
2, 363362677
What are the prime factors of 5326773556?
2, 13, 1453, 70501
What are the prime factors of 290486671?
290486671
What are the prime factors of 46297038?
2, 3, 73, 105701
What are the prime factors of 2138746398?
2, 3, 356457733
What are the prime factors of 166559598?
2, 3, 3084437
List the prime factors of 2322508365.
3, 5, 859, 60083
List the prime factors of 422202684.
2, 3, 17, 257, 8053
What are the prime factors of 356727852?
2, 3, 13, 762239
What are the prime factors of 1240125044?
2, 17, 18237133
List the prime factors of 254592889.
3391, 75079
What are the prime factors of 254232355?
5, 13, 73, 131, 409
List the prime factors of 130502388.
2, 3, 10875199
List the prime factors of 4343835.
3, 5, 289589
List the prime factors of 309070705.
5, 61814141
What are the prime factors of 2082571733?
11, 2221, 85243
List the prime factors of 4156002214.
2, 7, 13, 22835177
What are the prime factors of 2450646375?
3, 5, 6535057
List the prime factors of 101132942.
2, 50566471
What are the prime factors of 96791221?
6037, 16033
List the prime factors of 64816245.
3, 5, 13, 101, 1097
List the prime factors of 128426983.
47, 2732489
What are the prime factors of 140327263?
5741, 24443
List the prime factors of 381004864.
2, 971, 6131
What are the prime factors of 107278439?
107278439
What are the prime factors of 1303106196?
2, 3, 7, 2216167
What are the prime factors of 62429507?
7, 43, 433, 479
List the prime factors of 167001626.
2, 11, 859, 8837
List the prime factors of 2312602732.
2, 11, 5503, 9551
What are the prime factors of 1841994657?
3, 204666073
List the prime factors of 473419826.
2, 11, 21519083
List the prime factors of 945160009.
945160009
What are the prime factors of 101504794?
2, 857, 59221
What are the prime factors of 332060468?
2, 31, 71, 37717
List the prime factors of 23569479.
3, 2618831
List the prime factors of 197106019.
11, 19, 943091
What are the prime factors of 727284950?
2, 5, 7, 37, 71, 113
What are the prime factors of 382519556?
2, 6991, 13679
What are the prime factors of 6116393721?
3, 19, 173, 620261
List the prime factors of 120596783.
47, 53, 48413
What are the prime factors of 576611399?
7, 13, 6336389
What are the prime factors of 124260972?
2, 3, 11, 487, 1933
List the prime factors of 274518494.
2, 149, 921203
List the prime factors of 76240236.
2, 3, 19, 334387
List the prime factors of 160519351.
53, 3028667
List the prime factors of 2034535744.
2, 293, 108497
What are the prime factors of 856990219?
14969, 57251
List the prime factors of 1496906391.
3, 73, 599, 11411
List the prime factors of 940328771.
5431, 173141
List the prime factors of 361442650.
2, 5, 7228853
List the prime factors of 45680095.
5, 1217, 7507
List the prime factors of 2917615718.
2, 17, 19, 237707
List the prime factors of 139336464.
2, 3, 179, 16217
What are the prime factors of 651250610?
2, 5, 65125061
What are the prime factors of 5653031816?
2, 23, 73, 271, 1553
What are the prime factors of 205440870?
2, 3, 5, 6848029
What are the prime factors of 700680512?
2, 7, 47, 107, 311
Wha